{"id":59,"date":"2023-11-15T15:00:41","date_gmt":"2023-11-15T13:00:41","guid":{"rendered":"http:\/\/www.tv-essingen.de\/?page_id=59"},"modified":"2023-11-15T16:15:38","modified_gmt":"2023-11-15T14:15:38","slug":"frauengymnastik","status":"publish","type":"page","link":"https:\/\/www.tv-essingen.de\/?page_id=59","title":{"rendered":"Frauengymnastik"},"content":{"rendered":"<p><strong>Frauengymnastik<\/strong><\/p>\n<p>Dienstags, 20.00 &#8211; 21.00 Uhr, Dalberghalle Essingen<\/p>\n<p>\u00dcber Winter (ab 07.11.23) Beginn eine halbe Stunde fr\u00fcher.<\/p>\n<p>Leitung: Inge Gatting<\/p>\n<p align=\"center\"><strong>50 Jahre Frauenturnen beim TVE<\/strong><\/p>\n<p>\u00dcberraschungsbesuch gab es beim Weihnachtsessen der Turnerfrauen in unserer Vereinsgastst\u00e4tte &#8222;Evi&#8217;s Werdschaft&#8220;. 1. Vorsitzender J\u00fcrgen Herbst kam mit Blumen und selbstgebackener Kuchen-Keule um zum Jubil\u00e4um zu gratulieren. Die Abteilung Frauenturnen wurde 1966 unter Leitung von Rita Wetzel gegr\u00fcndet. Seit \u00fcber 30 Jahren hat Inge Gatting die Leitung der durchg\u00e4ngig gut besuchten Turngruppe. F\u00fcr ihren Einsatz bedankte sich J\u00fcrgen Herbst mit Blumen. Ebenfalls mit einem Blumenstrau\u00df bedacht wurden Doris Enzinger, die immer die Vertretung \u00fcbernimmt, sowie Heidi Estelmann, die seit Beginn aktive Turnerin ist.<\/p>\n<p><a href=\"https:\/\/www.tv-essingen.de\/wp-content\/uploads\/2016\/12\/CIMG0618.jpg\"><img loading=\"lazy\" decoding=\"async\" src=\"https:\/\/www.tv-essingen.de\/wp-content\/uploads\/2016\/12\/CIMG0618-300x225.jpg\" alt=\"Frauenturnen 13.12.16\" width=\"300\" height=\"225\" \/><\/a><a href=\"https:\/\/www.tv-essingen.de\/wp-content\/uploads\/2016\/12\/CIMG0616.jpg\"><img loading=\"lazy\" decoding=\"async\" src=\"https:\/\/www.tv-essingen.de\/wp-content\/uploads\/2016\/12\/CIMG0616-300x225.jpg\" alt=\"Frauenturnen 13.12.16\" width=\"300\" height=\"225\" \/><\/a><a href=\"https:\/\/www.tv-essingen.de\/wp-content\/uploads\/2016\/12\/CIMG0583.jpg\"><img loading=\"lazy\" decoding=\"async\" src=\"https:\/\/www.tv-essingen.de\/wp-content\/uploads\/2016\/12\/CIMG0583-225x300.jpg\" alt=\"Frauenturnen 13.12.16\" width=\"225\" height=\"300\" \/><\/a><a href=\"https:\/\/www.tv-essingen.de\/wp-content\/uploads\/2016\/12\/CIMG0591.jpg\"><img loading=\"lazy\" decoding=\"async\" src=\"https:\/\/www.tv-essingen.de\/wp-content\/uploads\/2016\/12\/CIMG0591-225x300.jpg\" alt=\"Frauenturnen 13.12.16\" width=\"225\" height=\"300\" \/><\/a><a href=\"https:\/\/www.tv-essingen.de\/wp-content\/uploads\/2016\/12\/CIMG0593.jpg\"><img loading=\"lazy\" decoding=\"async\" src=\"https:\/\/www.tv-essingen.de\/wp-content\/uploads\/2016\/12\/CIMG0593-300x225.jpg\" alt=\"Frauenturnen 13.12.16\" width=\"300\" height=\"225\" \/><\/a><a href=\"https:\/\/www.tv-essingen.de\/wp-content\/uploads\/2016\/12\/CIMG0597.jpg\"><img loading=\"lazy\" decoding=\"async\" src=\"https:\/\/www.tv-essingen.de\/wp-content\/uploads\/2016\/12\/CIMG0597-300x225.jpg\" alt=\"Frauenturnen 13.12.16\" width=\"300\" height=\"225\" \/><\/a><a href=\"https:\/\/www.tv-essingen.de\/wp-content\/uploads\/2016\/12\/CIMG0592.jpg\"><img loading=\"lazy\" decoding=\"async\" src=\"https:\/\/www.tv-essingen.de\/wp-content\/uploads\/2016\/12\/CIMG0592-300x225.jpg\" alt=\"Frauenturnen 13.12.16\" width=\"300\" height=\"225\" \/><\/a><a href=\"https:\/\/www.tv-essingen.de\/wp-content\/uploads\/2016\/12\/CIMG0603.jpg\"><img loading=\"lazy\" decoding=\"async\" src=\"https:\/\/www.tv-essingen.de\/wp-content\/uploads\/2016\/12\/CIMG0603-225x300.jpg\" alt=\"Frauenturnen 13.12.16\" width=\"225\" height=\"300\" \/><\/a><\/p>\n<p>&nbsp;<\/p>\n<p align=\"center\"><strong>Frauenturnen<\/strong><\/p>\n<p>Als Abschluss vor der Sommerpause fand am 26.07.16 statt der Gymnastikstunde eine Radtour statt. Mit einer stattlichen Gruppe ging es von Essingen \u00fcber Dammheim, M\u00f6rlheim, Offenbach, vorbei an bl\u00fchenden Sommerblumenfeldern, wieder zur\u00fcck, wo wir uns mit den Nicht-Radlern in unserer Vereinsgastst\u00e4tte &#8222;Evi&#8217;s Werdschaft&#8220; trafen. Hier wurden wir noch von einem Geburtstagskind unter den Turnerfrauen mit einem Umtrunk und leckeren griechischen Kleinigkeiten verw\u00f6hnt. Vielen Dank daf\u00fcr!<\/p>\n<p>Und bei der Gelegenheit auch einmal vielen Dank an Inge, die die Gymnastikstunden immer super leitet, und an Doris, die sie bei Bedarf immer vertritt.<\/p>\n<p><a href=\"https:\/\/www.tv-essingen.de\/wp-content\/uploads\/2016\/07\/IMG-20160727-WA0001.jpg\"><img loading=\"lazy\" decoding=\"async\" src=\"https:\/\/www.tv-essingen.de\/wp-content\/uploads\/2016\/07\/IMG-20160727-WA0001-300x225.jpg\" alt=\"Frauenturnen 26.07.16\" width=\"300\" height=\"225\" \/><\/a><\/p>\n","protected":false},"excerpt":{"rendered":"<p>Frauengymnastik Dienstags, 20.00 &#8211; 21.00 Uhr, Dalberghalle Essingen \u00dcber Winter (ab 07.11.23) Beginn eine halbe Stunde fr\u00fcher. Leitung: Inge Gatting 50 Jahre Frauenturnen beim TVE \u00dcberraschungsbesuch gab es beim Weihnachtsessen der Turnerfrauen in unserer Vereinsgastst\u00e4tte &#8222;Evi&#8217;s Werdschaft&#8220;. 1. Vorsitzender J\u00fcrgen Herbst kam mit Blumen und selbstgebackener Kuchen-Keule um zum Jubil\u00e4um zu gratulieren. Die Abteilung Frauenturnen <span class=\"ellipsis\">&hellip;<\/span> <span class=\"more-link-wrap\"><a href=\"https:\/\/www.tv-essingen.de\/?page_id=59\" class=\"more-link\"><span>Read More &rarr;<\/span><\/a><\/span><\/p>\n","protected":false},"author":1,"featured_media":0,"parent":61,"menu_order":0,"comment_status":"closed","ping_status":"closed","template":"","meta":{"footnotes":""},"class_list":["post-59","page","type-page","status-publish","hentry"],"_links":{"self":[{"href":"https:\/\/www.tv-essingen.de\/index.php?rest_route=\/wp\/v2\/pages\/59","targetHints":{"allow":["GET"]}}],"collection":[{"href":"https:\/\/www.tv-essingen.de\/index.php?rest_route=\/wp\/v2\/pages"}],"about":[{"href":"https:\/\/www.tv-essingen.de\/index.php?rest_route=\/wp\/v2\/types\/page"}],"author":[{"embeddable":true,"href":"https:\/\/www.tv-essingen.de\/index.php?rest_route=\/wp\/v2\/users\/1"}],"replies":[{"embeddable":true,"href":"https:\/\/www.tv-essingen.de\/index.php?rest_route=%2Fwp%2Fv2%2Fcomments&post=59"}],"version-history":[{"count":8,"href":"https:\/\/www.tv-essingen.de\/index.php?rest_route=\/wp\/v2\/pages\/59\/revisions"}],"predecessor-version":[{"id":1837,"href":"https:\/\/www.tv-essingen.de\/index.php?rest_route=\/wp\/v2\/pages\/59\/revisions\/1837"}],"up":[{"embeddable":true,"href":"https:\/\/www.tv-essingen.de\/index.php?rest_route=\/wp\/v2\/pages\/61"}],"wp:attachment":[{"href":"https:\/\/www.tv-essingen.de\/index.php?rest_route=%2Fwp%2Fv2%2Fmedia&parent=59"}],"curies":[{"name":"wp","href":"https:\/\/api.w.org\/{rel}","templated":true}]}}